 (-1 - -3)) + (-14 - -4) + 4.
89
What is the value of 40 + (5 - 44) + (-118 - -152)?
35
What is (-1 - 36) + (138 - (102 - 0))?
-1
-11 + 27 + (-37 - -7)
-14
What is the value of -6 - 148 - (1804 - 1895)?
-63
What is 51 + -42 - (2 + 13 - -7)?
-13
Evaluate -86 + -17 + 12 + (-13 - -22) + -7.
-89
-36 + 53 + (-33 - 29)
-45
What is the value of -12 + (0 + 7 - (2 + 8 - 16))?
1
Evaluate -1 + 23 + -6 + 36 + -105.
-53
Evaluate (24 - 17) + (33 - (-6 - -14)) - 5.
27
What is the value of (54 - 0) + 5025 + -5136?
-57
What is the value of 63 - (80 + -64 + 13)?
34
What is the value of 154 - (42 + 95 - 61)?
78
Calculate 12 + -42 + (33 - 11) + (1 - -68).
61
Calculate 34 + -6 + -73 + 16.
-29
Evaluate ((65 - 12) + -15 - 5) + -12.
21
What is the value of (23 - (13 - 28)) + -44?
-6
Calculate (2 - 1 - 2) + (98 - (47 - 16 - -23)).
43
(42 + -47 - 176 - -46) + 45
-90
Evaluate 2 + -3 - 46 - (135 - (219 - 89)).
-52
Evaluate -18 + -2 + 10 + -3 + -4 + (156 - 167).
-28
Evaluate (28 + -10 + -65 - -40) + 20.
13
What is the value of 1 + 15 + -353 + 355 - (0 - -5)?
13
What is 182 - (142 - (27 + 38))?
105
(42 - 15) + 13 + -65 + -17
-42
Evaluate 0 + 8 - (-37 - -64) - (12 + -2).
-29
17 + -34 + (2 - 7) + 17 + 0
-5
What is -229 + 223 + (2 - (5 - -16))?
-25
What is -16 + 1 + (-25 - (-4 + -2 + -20))?
-14
What is the value of -6 - ((27 - -20) + 13) - -23?
-43
What is the value of (2 - -17) + (-47 + 66 - 45)?
-7
What is 146 - 152 - (0 + 78)?
-84
Calculate -37 - (40 + -96) - (18 + -2).
3
Evaluate (-4 - 58) + -2 - (-422 + 400).
-42
Evaluate 27 - (-36 - -85 - 48).
26
Calculate 17 + (298 - 89) - 140.
86
Calculate -6 - (-6 + -17) - (-17 + 13).
21
Calculate 39 + -99 + 125 + -66.
-1
Calculate -5 + 52 + 1 - -4 - (-2 + 15).
39
Evaluate -3 + 18 + 0 + -44.
-29
What is -13 - (42 - (-1 - -3) - (2 - (-15 - -32)))?
-68
41 - 16 - (1 + -6) - -5
35
(-18 - 2) + (89 - 63) + 0 + -18 - 0
-12
Calculate -19 + (70 + -28 - (2 + -8)).
29
Calculate (20 - 5 - (-7 - -36)) + 49.
35
What is the value of 32 - (-3 + 35) - (21 - 0)?
-21
What is -13 + ((12 - -24) + -23 - -52)?
52
What is 28 - 6 - 80 - (-1 + 2 - (32 + -33))?
-60
Calculate -322 + 403 - (0 + -2 - 4 - -19).
68
14 + (-65 - (-60 - 38))
47
Evaluate 12 - 18 - (6 - (-4 - -19)) - (137 - -1).
-135
Calculate -1 + -1 - (79 + -61) - -13 - 14.
-21
What is the value of (27 + -31 - -3 - (-2 - 12)) + 7 + 0?
20
What is 69 - (-11 + 25) - (23 - 8 - 19)?
59
What is (2 + 5 - -5) + -19 + (-26 - (8 + 10))?
-51
What is the value of (-16369 - -16516) + (-85 - 1)?
61
-4 - 1 - 2 - (-16 - 4 - (5 - 4))
14
What is the value of 34 + -59 + 0 + 10?
-15
Evaluate (2 - (-3 + -6)) + (5 + 4 + -3 - 24).
-7
Evaluate (-56 + 25 - -55) + -18.
6
Calculate (10 - 16 - (6 - (4 - -9))) + -3.
-2
Calculate 4 + -9 - (-26 + 5 + (-12 - -1)).
27
8 + 22 + -34 - (1 + (-22 - 4))
21
What is the value of (7 - (24 - 24) - (2 + -8)) + -10?
3
73 + 5 + 1 + -4 + 3 + -15
63
Calculate (-7 + (-5 - -10) - (-6 + 14 + -28)) + -12.
6
Evaluate 40 - ((-23 - -8) + 2) - 15.
38
31098 + -31093 + 77 + -1 + (0 - 0 - -1)
82
What is the value of -6 + (-20 - (-67 - -27)) - (-1 + 6)?
9
Calculate (24 + -5 - 15) + 78 + -50.
32
-301 - -346 - (-2 + 10)
37
What is -12 + (2 - (3 - 16)) + -2 - -42?
43
Evaluate -17 - -2 - (-21 - (-30 + 10 - -10)).
-4
-87 + 62 - (-5 - (1 + 0) - (11 - 13))
-21
What is the value of -88 + 164 + -115 - -53?
14
Calculate -89 + (1 - (-2 - -38)) + 48.
-76
Calculate -171 - -20 - (19 - (-1 - -32)).
-139
-9 + (10 + (19 - 9) + -23 - -16)
4
What is the value of -206 + 58 + -53 + 108?
-93
Calculate -42 - (136 + -103 - (25 + 2)).
-48
What is (15 - 59) + 25 - (-7 + (4 - -7))?
-23
Evaluate 78 + -11 + (-7 - (-27 - -8)) + -8 + -1.
70
Evaluate -32 + 2 + 74 + 9 + -81.
-28
Evaluate -2 + -11 + 3 + (-24 - 13) + 13.
-34
Evaluate -8 + -2 + -11 + (-1 - 1).
-23
What is -7 - -3 - (-35 - (-14 - -23 - 74))?
-34
What is the value of -64 - -22 - (-5 - (2 + 6) - -11)?
-40
Calculate (-7 - (-18 + (10 - 3)) - -3) + 20.
27
Calculate -24 + (-1 - -9 - (22 + (-13 - (-13 + 10)))).
-28
What is the value of 5 + -136 + 87 + 89?
45
31 + -8 + (-208 - -44)
-141
-13 + 45 + -9 + 14 + -64
-27
What is 2254 + -2231 + -1 + (-16 - 0)?
6
(2 - -16) + 12 + (-9 - -7) + 5 + -7
26
What is 8 + 19 + 34 - 44 - 29?
-12
What is the value of 20 - (8 + -1 + (440 - 464))?
37
Calculate 32 + (-1 + 12 + -26 + -8 + 14 - -3).
26
Evaluate 9 + (-18 - 6) + 8 + -28 + (-14 - -3).
-46
What is the value of -2 + (7 - 15) + 12 + (389 - 389)?
2
What is -25 - -26 - (-92 + 102)?
-9
What is the value of -41 - (-58 - -42) - -21?
-4
Evaluate -13 + (2 - (7 + -2 + (-15 - (7 + -6)))).
0
Calculate -34 + -4 + 11 + -21 + 6 + -13.
-55
-16 + -163 + 73 + 57
-49
What is 17 - (19 + -61 - -41)?
18
(4 - 0) + 133 + 5 + -28
114
What is the value of 68 + (31 - (9 + (-8 - -5))) + -17?
76
Evaluate -14 - ((-22 - (18 - -8)) + -26).
60
What is (48 - 15 - (29 + -7)) + (0 - 52)?
-41
What is 36 + -46 + -45 + (2 - -6)?
-47
What is (3 - 189) + 2812 + -2683?
-57
Evaluate (-123 - -5) + -1903 + 1934.
-87
What is 74 - 97 - (1 + 33) - (-10 + 2)?
-49
What is (0 - 0) + (-318 - -330) + -36?
-24
Evaluate -20 + (-2 + 25 - (-3 + 10)) + -75 + 0.
-79
Calculate (2 + 26 - -26 - -28) + -37.
45
Evaluate (-4 - (-21 - 6)) + 14 + (-20 - (-42 - -20)).
39
What is -22 - (30 + -37 + (2 - 5))?
-12
-25 + 44 + -30 - 28
-39
-1 - (119 + 2 + -10 + -7 - (-6 - -12))
-99
Evaluate -10 + 1 + -718 + 731 + 21.
25
Calculate 463 + -575 + 102 + 11.
1
-76 - (-73 + 24 + -33)
6
Evaluate 16 + (4 - -20) + -17 + -40.
-17
Evaluate (26 - 23) + (2 - -2) + (-35 - -42).
14
Evaluate 87 + 6 + 43 + -43.
93
What is 29 + (-25 - 17) + 33 + (2 - 4) + 15?
33
2637 - 2695 - (-4 + -106)
52
What is the value of (-104 + 50 - -24) + (75 - -7)?
52
Calculate -64 + 49 + -1 + 31 - -30.
45
What is (-1 - 39) + -62 + 58 + -6 + 19 + -6?
-37
What is -22 - ((-14 + 20 - 19) + 25)?
-34
(-14 - 12 - -18 - (-1 - 17)) + -10 + 8
8
What is the value of (-1 - -64) + -83 - (2 + -34)?
12
Calculate -54 + 91 + (-183 - -53).
-93
41 + (-88 - -44) - (-5 - -74 - -1)
-73
Calculate -344 - -276 - (-2 + 4 + 9 + 12 + -12).
-79
What is 1 - 9 - ((-1 - 1) + -5 + (340 - 343))?
2
Calculate 353 - 387 - (3 - (-10 - -20)).
-27
What is (43 - 38) + 5 + (-59 - (-5 + 9))?
-53
Evaluate 1 + 6 + -37 - (-1 + (-10 - 6)).
-13
Calculate (-13 + 1 - -120) + (-1 - -5) + 13 + -6.
119
What is the value of -92 + (-9 + -12 - -40) + -10?
-83
Evaluate -53 + (133 - -64) + -91.
53
-37 + -8 + 23 + 99 + (0 - (1 - -4))
72
What is the value of 31 + (-21 - (-17 + -18)) + 22 + -9?
58
What is (-92 - -1) + (3752 - 3572)?
89
What is (14 - 53) + (-1 - (-11 - 6))?
-23
What is 682 + -675 + -3 + (2 - (-4 + 2) - -95)?
103
Evaluate -5 + 1 + 133 - (-109 + (-49 - -163)).
124
Calculate (6 - -8) + -2310 + 2202.
-94
What is the value of -11 + (-18 - -4) + 28 + 50 + 0 + -6?
47
Calculate -62 - (24 + 17 + -92).
-11
Evaluate 1 + 12 + -18 + 17 + (-23 - -11).
0
Evaluate -67 + (38 - (41 + -5) - (0 - -3 - 8)).
-60
What is -27 + (155 + -120 - -1)?
9
What is 14 + 2 + (-24 - -8) + 8 + -7?
1
What is the value of (93 + -39 - -29) + -23?
60
Evaluate (-45 - -22 - -41) + (-87 - 11) + 19.
-61
What is the value of 1 - 17 - (12 - (-7 - (-11 - 6)))?
-18
What is the value of -23 + 72 + -27 - 13 - 24?
-15
What is the value of (-3 - (-1 + 13 + -8 + (-17 - -16))) + 37?
31
What is the value of -118 + (96 - (62 + -32))?
-52
What is the value of 2 + 45 + (17 - 51 - -23)?
36
What is 56 - (-62 + 120 + 45)?
-47
What is the value of (6 - 0 - 1 - (2894 + -2873)) + 109?
93
Calculate (6 - (-1 + 14)) + 20 - (1 - -2).
10
Evaluate 3 + (-17 - 1) + (-167 - -172).
-10
What is 96 + (7 - 91) - -57?
69
Calculate (-61 - (-1 + -28)) + 31 - 4.
-5
What is 4 + 12 - 6 - -8 - 1?
17
What is -62 + 24 + (4 + -5 - (5 + 0))?
-44
What is the value of 7 + -3 + -11 + 12 + (-3 - 2) + -100?
-100
Calculate (15 + 5 - 31) + 38.
27
Calculate -53 + -1 - (-23 + -63 - -59) - (0 + 9).
-36
What is 71 - (-142 - -49 - -94)?
70
Evaluate -1 - 8 - (-7 + 2 + -20 - -9).
7
What is the value of (-2617 - -2356) + (1 - -123)?
-137
Evaluate 17 - -25 - 15 - (-47 + 18).
56
Calculate 8 - (-24 + 16 - (-26 + 3) - 34).
27
What is the value of -11 + 11 + 1 + -18 + (63 - 14)?
32
What is ((2 - 1) + -7 - (-25 - (-44 - -64))) + 7?
46
What is (-55 - 79) + 65 - -68?
-1
What is the value of 82 + -42 + (-81 - 34)?
-75
What is 57 - ((28 - (-6 - -4)) + -53)?
80
